*f + f, 2*t = -5*f + 17. Suppose t*b = -0*b + 96. What is the remainder when (244/10)/((-2)/(-5)) is divided by b?
13
Let i = 33 + -19. Let o be (-112)/(-6) + 2/6. Suppose i = o*c - 17*c. What is the remainder when c is divided by 4?
3
Let o = -191 + 131. Let r be (-107)/(-4) + (-15)/o. Let s = r + -24. Calculate the remainder when 6 is divided by s.
0
Let d(c) = 4*c - 16. Suppose -4*h + 3*s + 195 = 0, -5*s - 76 = -3*h + 84. Calculate the remainder when h is divided by d(6).
5
Let i(a) = a**2 + 4*a - 32. Calculate the remainder when 14 is divided by i(-9).
1
Suppose 3*c - 123 + 306 = t, 4*c - 4 = 0. Calculate the remainder when t is divided by 65.
56
Let z(x) = 45*x + 11. What is the remainder when 277 is divided by z(1)?
53
Suppose 0 = -3*f - 0*z + 3*z - 171, 2*f = -3*z - 129. Let d = 71 + f. What is the remainder when d is divided by 6?
5
Suppose -4*h = 2*h - 612. Let w = h - 87. Calculate the remainder when 35 is divided by w.
5
Let v(h) be the first derivative of 2*h**3/3 + 3*h**2/2 - h + 1. Calculate the remainder when 36 is divided by v(-4).
17
Suppose 2*a + 2*a + 5*y - 139 = 0, 3*a + 5*y = 108. What is the remainder when a is divided by 24?
7
Suppose 3*p - 8 = -5, q + 2*p = 14. Suppose 5*v + 2*t - 93 - 57 = 0, -20 = 4*t. What is the remainder when v is divided by q?
8
Suppose -4*t + 3 = -3*j + 4*j, 3 = j - t. Suppose -j*u = -u - 24. What is the remainder when 33 is divided by u?
9
Suppose 4*m + 24 = -5*x - 11, 0 = -5*x - 2*m - 45. Let l(d) = -2*d - 18. Let u be l(x). Suppose u*t + 18 = 6*t. Calculate the remainder when 26 is divided by t.
8
Let s = 27 - 12. Suppose -8*k + 5*k = 105. Calculate the remainder when s is divided by 7*1 - (-7)/(k/15).
3
Calculate the remainder when 882/16 - 49/392 is divided by 15.
10
Let s(l) = l**2 + 11*l - 14. Let i be s(-12). Let x be (-1 - i) + 735/(-5). What is the remainder when (-9)/15 + x/(-10) is divided by 4?
2
Let z(k) = k**3 - 3*k**2 - k - 3. What is the remainder when 77 is divided by z(4)?
5
Let v(c) = 2*c**3 + 5*c**2 - 9*c + 7. Let w = -126 + 129. What is the remainder when v(w) is divided by 20?
19
Let s = -87 + 111. Suppose 7*p = 11*p - s. Calculate the remainder when 58 is divided by p.
4
Suppose 4*g + 28 - 92 = 0. Suppose 3*x - 6*x = -132. Calculate the remainder when x is divided by g.
12
Suppose -136*g + 40 = -134*g. Calculate the remainder when 32 is divided by g.
12
Let h(r) = -242*r**3 + 2*r**2 + r + 3. Let l be h(-3). Suppose 2*b + l = -b. Calculate the remainder when b/(-40) - (-6)/(-10) is divided by 19.
16
Suppose 5*u = -2*q + 1765, 49*q - 44*q + 353 = u. What is the remainder when u is divided by 18?
11
Suppose -5*a = 2*n - 57, -2*a = -5*n + a + 158. Let g = n - 22. Let i(t) = -t**3 - 3*t**2 + 4*t + 4. What is the remainder when g is divided by i(-4)?
1
Suppose -7*m = a - 2*m - 23, 15 = -5*m. Let f(v) = -v**3 - 5*v**2 - 5*v - 1. Let r be f(-2). Calculate the remainder when a is divided by (-5)/(-2)*(-12)/9*r.
8
Calculate the remainder when 6 + -3 + -10 + (-378)/(-3) is divided by 60.
59
Suppose 37 = 3*l - b - 2, -4*b + 68 = 4*l. What is the remainder when l is divided by 9?
5
Let w(u) = -10*u**3 + u**2 - 1. What is the remainder when -19*1*(-3)/3 is divided by w(-1)?
9
Suppose 53 = -b + 3*w + 292, -2*w + 1127 = 5*b. What is the remainder when b is divided by 59?
50
Let g(m) = 15*m - 17. Suppose 27 = 13*l - 12. Calculate the remainder when g(l) is divided by 5.
3
Suppose 3*n + 5*w - 70 = 0, -4*n = 5*w - 6 - 84. What is the remainder when 25*39/10 - 2/4 is divided by n?
17
Let c(r) be the second derivative of -7*r**3/3 + r**2/2 + 4*r. Let d be (-2)/(0/2 - -2). What is the remainder when 28 is divided by c(d)?
13
Let r be 4/(-18) + 20/9. Suppose 2*h + r*h = 212. Suppose 0 = -s - 3*y + 3, 0 = -2*y - 22 + 12. Calculate the remainder when h is divided by s.
17
What is the remainder when 19 + -19 - 7/(7/(-372)) is divided by 47?
43
What is the remainder when 1/(-2) + 390/4 is divided by 1*(78/3 + -1)?
22
Let c be (-116)/(-8) - (-2)/(-4). Let r be 90/c - (-15)/(-35). Suppose h - 40 = -r. What is the remainder when h is divided by 9?
7
Let d(r) = -3*r + 58. Let s be d(11). Suppose -21*w = -s*w + 20. What is the remainder when 38 is divided by w?
3
Suppose 3*i + 2*g - 65 = 0, 2*i - 5*g = 11 + 26. What is the remainder when 82 is divided by i?
19
Suppose 0*h = 5*h - 5*y - 230, y = -4*h + 184. Let f = 9 + -4. Suppose -4*r + 8*x - 3*x = -76, 132 = f*r + 3*x. Calculate the remainder when h is divided by r.
22
Let w = 93 - 65. Let z be 165/10 + 1/(-2). Suppose -3*i + 14 = -z. Calculate the remainder when w is divided by i.
8
Suppose 9*f - 5*f = -124. What is the remainder when ((-27)/(-3)*f)/(30/(-20)) is divided by 47?
45
Suppose 5*l - 12*v - 30 = -9*v, -2*l - v = -23. What is the remainder when 46 is divided by l?
1
Let c = 62 - 104. Let o = c + 61. What is the remainder when (-220)/(-6) - 1/(-3) is divided by o?
18
Let j(c) = c**2 - 3*c - 13. Calculate the remainder when 24 is divided by j(-4).
9
Let a(f) = 2*f**2 - 17*f + 73. Calculate the remainder when 149 is divided by a(6).
20
Suppose -1 = -4*f + 5*x + 12, 5*f - 3*x - 26 = 0. Calculate the remainder when 52 is divided by f.
3
Suppose -2*y - 2*y = -64. Let a(k) = -k - 1. Let u(c) = 2*c**2 + 7*c + 6. Let f(p) = -a(p) + u(p). Calculate the remainder when f(-6) is divided by y.
15
Let r(y) = -y**3 + 6*y**2 + y + 4. Let z be r(6). Let b = 39 - z. What is the remainder when 84 is divided by b?
26
Suppose 0 = -l - 5*u - 41, 6*l + 33 = 3*l + 3*u. Let f be (-626)/l - (-2)/(-16). Let h = f - 27. What is the remainder when 23 is divided by h?
11
Let d(m) = -m - 1. Let w(j) = -j**2 - 10*j + 78. Calculate the remainder when w(-14) is divided by d(-6).
2
Suppose 3*h = -2*z + 174, -4*z + 0*z + 392 = -5*h. Calculate the remainder when z is divided by 4.
1
Suppose 0 = 3*g + 120 - 30. Let k = 69 + g. Let w = 13 + -3. What is the remainder when k is divided by w?
9
Let r be 1/((-2)/52*-2). Calculate the remainder when (-124)/2*r/(-26) is divided by 17.
14
Suppose -5*v + 3*c + 0 = 11, 4*c = v + 9. Let i = 1 + v. Suppose -k - 3 + 13 = i. Calculate the remainder when k is divided by 6.
4
Let v(j) = -50*j - 342. What is the remainder when 165 is divided by v(-7)?
5
Suppose -3*b = 3*f - b - 6, 4 = 2*f - 4*b. Suppose 56 - 36 = -f*s. Let k(p) = -p + 3. What is the remainder when 49 is divided by k(s)?
10
Suppose 55*n = 47*n + 336. What is the remainder when n is divided by 17?
8
Let r = 145 + -79. Calculate the remainder when r is divided by 23.
20
Let o(c) = -6*c + 3*c + 11*c - 7 - 3*c. Calculate the remainder when 137 is divided by o(7).
25
Calculate the remainder when 65 is divided by (-9)/6 - (-213)/6.
31
Let q(y) = -y**3 + 7*y**2 + y + 6. Let p be q(7). Suppose 3*u = 8 + p. Let h(i) = i**3 - 7*i**2 + 4*i - 9. Calculate the remainder when h(u) is divided by 4.
3
Suppose 1 - 5 = -b. Suppose 5*r = -4*s + 90, 0 = 4*r - b*s - 13 - 23. Let o(c) = -15*c**2 - 82*c - 102. Calculate the remainder when r is divided by o(-3).
5
Let p be 5/((-5)/2) + 3. Let d(a) = 2*a**3. Let s be d(p). What is the remainder when 31 is divided by 2 - s - -1 - -7?
7
Let m = 250 - 265. Let s be 1*(-23)/(-1) - 1. Let o = m + s. What is the remainder when o is divided by 4?
3
Let c = -26 + 158. Calculate the remainder when c is divided by 17.
13
Suppose r + 32 = -3*r. Let h be 2/25 + (-2682)/(-225). Calculate the remainder when 1 - r/h*21 is divided by 8.
7
Let b = -600 - -611. Calculate the remainder when b is divided by 7.
4
Let x(i) = i**2 + 4*i - 1. Let z be x(-5). Suppose -3*h - 11 = -z*h. Calculate the remainder when h is divided by 5 - (1 + -7 + 5).
5
Suppose -3*f + 15 = 3*z, 4*f = -4*z + 9*f - 7. Suppose y = -3*y + z*w + 466, -227 = -2*y - 5*w. What is the remainder when (y + 8/4)/2 is divided by 12?
11
Suppose -2*l + 6*l = 276. Let h = l - 35. Calculate the remainder when 98 is divided by h.
30
Suppose 4*m - 4*g = 68, 3*g - 21 = -2*m - m. Suppose 9*w - m*w + 9 = 0. What is the remainder when 7 is divided by w?
1
Suppose -2*z - 4*h + 2 = 0, 0*z - 4*z + 11 = h. What is the remainder when 54 is divided by z?
0
Calculate the remainder when (-3)/60*-15 - 833/(-4) is divided by 72.
65
Let q be (-71)/(-2)*(4 + -2). Suppose -5*x + q = -74. Let k = 576 + -566. What is the remainder whe